 11?
1
Calculate the highest common factor of 1966720 and 560.
560
What is the greatest common divisor of 3321 and 4617?
81
What is the greatest common divisor of 100 and 12396?
4
What is the highest common divisor of 17202 and 6533?
47
Calculate the highest common factor of 165 and 1256145.
165
Calculate the highest common divisor of 1425 and 375.
75
Calculate the highest common factor of 484 and 102388.
44
Calculate the highest common factor of 101321 and 2233.
11
What is the highest common factor of 488976 and 228?
12
What is the greatest common factor of 67 and 5?
1
Calculate the greatest common factor of 13303 and 53.
53
Calculate the greatest common factor of 2486 and 12317.
113
Calculate the greatest common factor of 10 and 49735.
5
What is the greatest common divisor of 1474 and 18224?
134
What is the greatest common factor of 3704 and 488?
8
What is the greatest common factor of 14350 and 169904?
574
Calculate the greatest common factor of 429 and 9647.
11
What is the greatest common factor of 16065 and 6069?
357
What is the greatest common factor of 10994 and 19598?
478
Calculate the greatest common divisor of 11956 and 132797.
427
Calculate the highest common factor of 3381 and 51009.
147
What is the greatest common divisor of 75 and 31225?
25
Calculate the highest common factor of 560 and 438935.
35
Calculate the highest common factor of 196 and 44492.
196
What is the highest common divisor of 21995 and 2075?
415
Calculate the highest common divisor of 48 and 302672.
16
What is the greatest common factor of 1097955 and 405?
405
What is the greatest common divisor of 120 and 9420?
60
Calculate the greatest common divisor of 332 and 14027.
83
Calculate the greatest common divisor of 1168 and 3592.
8
Calculate the greatest common divisor of 1909 and 1656.
23
What is the highest common divisor of 5291 and 3663?
407
Calculate the highest common divisor of 394 and 184589.
197
Calculate the highest common divisor of 17772 and 4836.
12
What is the greatest common divisor of 28 and 6156?
4
What is the greatest common factor of 7921257 and 426?
213
What is the greatest common factor of 108636 and 55?
11
Calculate the greatest common divisor of 6 and 187371.
3
What is the greatest common divisor of 283149 and 27?
27
What is the greatest common factor of 50 and 4375?
25
What is the highest common divisor of 8231365 and 41?
41
What is the greatest common factor of 338152 and 129?
43
Calculate the greatest common divisor of 53676 and 48384.
756
What is the greatest common divisor of 57080 and 320?
40
What is the highest common divisor of 41786 and 493?
17
Calculate the highest common factor of 5184 and 501120.
1728
Calculate the greatest common divisor of 941206 and 28.
14
Calculate the greatest common factor of 30 and 59625.
15
What is the highest common divisor of 36695 and 20943?
179
Calculate the highest common factor of 6 and 401658.
6
Calculate the greatest common divisor of 2328 and 62274.
582
What is the greatest common divisor of 138803 and 7?
7
What is the greatest common factor of 12 and 825864?
12
What is the highest common divisor of 1827053 and 59?
59
What is the highest common factor of 364 and 307398?
182
Calculate the highest common divisor of 164964 and 517260.
2796
What is the highest common factor of 684 and 65132?
76
What is the highest common factor of 2130856 and 728?
728
Calculate the greatest common factor of 2703 and 317841.
159
What is the greatest common factor of 1051 and 26275?
1051
What is the greatest common divisor of 1216 and 19?
19
Calculate the greatest common factor of 27 and 2019.
3
What is the greatest common divisor of 7888 and 261?
29
Calculate the greatest common divisor of 9126 and 270.
54
What is the highest common factor of 1397 and 21989?
11
What is the highest common divisor of 838 and 14102702?
838
Calculate the highest common factor of 651 and 10311.
21
Calculate the highest common factor of 28770 and 126.
42
Calculate the greatest common factor of 22190 and 2240.
70
Calculate the highest common factor of 260 and 5469230.
130
What is the highest common divisor of 89208 and 135?
27
Calculate the greatest common factor of 32 and 308.
4
Calculate the highest common factor of 4632 and 9664.
8
What is the greatest common divisor of 949118 and 1317?
439
Calculate the highest common factor of 1612 and 976469.
403
What is the greatest common factor of 15 and 312960?
15
What is the highest common divisor of 1782 and 15642?
198
Calculate the greatest common divisor of 11362 and 1014.
26
Calculate the greatest common factor of 25220 and 117.
13
What is the highest common divisor of 10374 and 119?
7
Calculate the highest common factor of 5236 and 17248.
308
What is the greatest common factor of 19 and 18837151?
19
What is the greatest common divisor of 826 and 70?
14
What is the greatest common factor of 24024 and 45474?
858
What is the greatest common divisor of 880 and 38830?
110
Calculate the highest common divisor of 336007 and 1449.
161
What is the greatest common factor of 1156785 and 1035?
345
Calculate the greatest common divisor of 243831 and 204.
51
Calculate the highest common divisor of 24009108 and 164.
164
Calculate the greatest common factor of 286 and 21241.
11
What is the greatest common factor of 429957 and 11?
11
Calculate the highest common divisor of 170019 and 567.
81
Calculate the greatest common divisor of 77 and 10945396.
77
What is the greatest common divisor of 6095 and 64395?
265
Calculate the greatest common factor of 12184 and 7.
1
Calculate the highest common factor of 2618 and 682.
22
Calculate the highest common factor of 233 and 70.
1
What is the highest common divisor of 112 and 18186?
14
What is the greatest common factor of 18 and 59355?
9
What is the highest common divisor of 222 and 389?
1
What is the highest common factor of 9342 and 432?
54
Calculate the highest common factor of 383 and 175797.
383
Calculate the highest common divisor of 5775 and 24465.
105
Calculate the greatest common factor of 384 and 906.
6
Calculate the greatest common factor of 216930 and 525.
105
What is the greatest common divisor of 705908 and 952?
476
Calculate the highest common factor of 12 and 101292.
12
Calculate the highest common factor of 383893 and 437.
23
What is the highest common factor of 229 and 4006813?
229
Calculate the highest common factor of 234118 and 61.
61
What is the greatest common factor of 121140 and 1440?
180
Calculate the highest common divisor of 352 and 222178.
22
What is the highest common factor of 16368 and 1716?
132
What is the greatest common factor of 764829 and 351?
351
What is the highest common factor of 20 and 934885?
5
What is the highest common factor of 384 and 960?
192
What is the greatest common divisor of 4148 and 91460?
68
Calculate the highest common factor of 32464 and 16.
16
What is the greatest common factor of 59420 and 60?
20
Calculate the greatest common factor of 83817 and 5.
1
Calculate the highest common divisor of 63 and 190323.
63
What is the highest common factor of 799 and 250087?
799
Calculate the greatest common factor of 131235 and 195.
195
Calculate the highest common divisor of 3964800 and 75.
75
Calculate the greatest common divisor of 24 and 400776.
24
Calculate the greatest common factor of 8258 and 2.
2
What is the greatest common divisor of 424 and 36048?
8
What is the greatest common divisor of 744 and 464504?
248
Calculate the greatest common factor of 111 and 4617.
3
Calculate the highest common divisor of 21078820 and 785.
785
What is the highest common factor of 300 and 3032940?
60
Calculate the greatest common factor of 228 and 178353.
57
Calculate the highest common factor of 9 and 24741.
9
Calculate the greatest common divisor of 52854 and 552.
138
Calculate the greatest common divisor of 1043 and 4544351.
1043
What is the highest common divisor of 27 and 62343?
27
Calculate the highest common divisor of 3387 and 272089.
1129
Calculate the highest common factor of 50148 and 17114.
398
What is the greatest common divisor of 88 and 758164?
44
Calculate the greatest common divisor of 36840 and 675.
15
What is the highest common divisor of 3132 and 54036?
36
What is the highest common divisor of 89 and 328499?
89
C